{"id":122,"date":"2018-08-03T14:49:27","date_gmt":"2018-08-03T12:49:27","guid":{"rendered":"http:\/\/ccjlvd.jabron.org\/?page_id=122"},"modified":"2026-04-14T11:15:02","modified_gmt":"2026-04-14T09:15:02","slug":"les-elus","status":"publish","type":"page","link":"https:\/\/ccjlvd.fr\/index.php\/la-communaute-de-communes\/les-elus\/","title":{"rendered":"Les \u00c9lus"},"content":{"rendered":"\r\n\r\n\r\n<h1 style=\"text-align: center;\">Composition des \u00e9lus\u00a0<\/h1>\r\n<p class=\"wp-block-paragraph\" style=\"text-align: left;\">Le conseil communautaire, instance d\u00e9cisionnelle de la Communaut\u00e9 de communes, est compos\u00e9 des repr\u00e9sentants des communes membres, d\u00e9sign\u00e9s ou \u00e9lus au sein de chaque conseil municipal.<\/p>\r\n\r\n\r\n\r\n<p class=\"wp-block-paragraph\" style=\"text-align: left;\">Chaque commune dispose \u00e0 minima d&rsquo;un \u00e9lu titulaire.<br \/>Si elle n&rsquo;a pas d&rsquo;autres titulaires, la commune a \u00e9galement droit \u00e0 un repr\u00e9sentant suppl\u00e9ant.<\/p>\r\n\r\n\r\n\r\n<p class=\"wp-block-paragraph\" style=\"text-align: left;\">Le nombre de repr\u00e9sentants d\u00e9pend de la population de chaque commune.<\/p>\r\n\r\n\r\n\r\n<p class=\"wp-block-paragraph\" style=\"text-align: left;\">Vous trouverez ci-dessus la liste des \u00e9lus si\u00e9geant au conseil communautaire:<\/p>\r\n\r\n\r\n\r\n\r\n\r\n<p class=\"wp-block-paragraph\">&nbsp;<\/p>\r\n\r\n\r\n\r\n<p class=\"wp-block-paragraph\">&nbsp;<\/p>\r\n","protected":false},"excerpt":{"rendered":"<p>Composition des \u00e9lus\u00a0 Le conseil communautaire, instance d\u00e9cisionnelle de la Communaut\u00e9 de communes, est compos\u00e9 des repr\u00e9sentants des communes membres, d\u00e9sign\u00e9s ou \u00e9lus au sein de chaque conseil municipal. Chaque commune dispose \u00e0 minima d&rsquo;un \u00e9lu titulaire.Si elle n&rsquo;a pas d&rsquo;autres titulaires, la commune a \u00e9galement droit \u00e0 un repr\u00e9sentant suppl\u00e9ant. Le nombre de repr\u00e9sentants <a class=\"more-link\" href=\"https:\/\/ccjlvd.fr\/index.php\/la-communaute-de-communes\/les-elus\/\">Lire plus &#8230;<\/a><\/p>\n","protected":false},"author":3,"featured_media":0,"parent":120,"menu_order":0,"comment_status":"closed","ping_status":"closed","template":"","meta":{"_crdt_document":"","jetpack_post_was_ever_published":false,"footnotes":""},"class_list":["post-122","page","type-page","status-publish","hentry"],"jetpack_sharing_enabled":true,"jetpack_shortlink":"https:\/\/wp.me\/Paa2VA-1Y","_links":{"self":[{"href":"https:\/\/ccjlvd.fr\/index.php\/wp-json\/wp\/v2\/pages\/122","targetHints":{"allow":["GET"]}}],"collection":[{"href":"https:\/\/ccjlvd.fr\/index.php\/wp-json\/wp\/v2\/pages"}],"about":[{"href":"https:\/\/ccjlvd.fr\/index.php\/wp-json\/wp\/v2\/types\/page"}],"author":[{"embeddable":true,"href":"https:\/\/ccjlvd.fr\/index.php\/wp-json\/wp\/v2\/users\/3"}],"replies":[{"embeddable":true,"href":"https:\/\/ccjlvd.fr\/index.php\/wp-json\/wp\/v2\/comments?post=122"}],"version-history":[{"count":22,"href":"https:\/\/ccjlvd.fr\/index.php\/wp-json\/wp\/v2\/pages\/122\/revisions"}],"predecessor-version":[{"id":7333,"href":"https:\/\/ccjlvd.fr\/index.php\/wp-json\/wp\/v2\/pages\/122\/revisions\/7333"}],"up":[{"embeddable":true,"href":"https:\/\/ccjlvd.fr\/index.php\/wp-json\/wp\/v2\/pages\/120"}],"wp:attachment":[{"href":"https:\/\/ccjlvd.fr\/index.php\/wp-json\/wp\/v2\/media?parent=122"}],"curies":[{"name":"wp","href":"https:\/\/api.w.org\/{rel}","templated":true}]}}