{"id":1235,"date":"2019-04-16T13:56:42","date_gmt":"2019-04-16T11:56:42","guid":{"rendered":"http:\/\/ccjlvd.jabron.org\/?page_id=1235"},"modified":"2019-09-03T13:33:56","modified_gmt":"2019-09-03T11:33:56","slug":"creche-les-ptits-loups-de-la-vallee","status":"publish","type":"page","link":"https:\/\/ccjlvd.fr\/index.php\/enfance-jeunesse\/les-creches\/creche-les-ptits-loups-de-la-vallee\/","title":{"rendered":"Cr\u00e8che les P&rsquo;tits loups de la Vall\u00e9e"},"content":{"rendered":"\n<p class=\"wp-block-paragraph\">La cr\u00e8che \u00ab\u00a0Les P&rsquo;tits Loups de la Vall\u00e9e\u00a0\u00bb se situe \u00e0 Noyers-sur-Jabron (04) \u00e0 proximit\u00e9 de Sisteron. <\/p>\n\n\n\n<ul class=\"wp-block-gallery columns-1 is-cropped wp-block-gallery-1 is-layout-flex wp-block-gallery-is-layout-flex\"><li class=\"blocks-gallery-item\"><figure><img loading=\"lazy\" decoding=\"async\" width=\"1024\" height=\"498\" src=\"http:\/\/ccjlvd.jabron.org\/wp-content\/uploads\/2019\/04\/creche-noyers-sur-jabron-1024x498.jpg\" alt=\"\" data-id=\"1255\" data-link=\"http:\/\/ccjlvd.jabron.org\/index.php\/creche-les-ptits-loups-de-la-vallee\/creche-noyers-sur-jabron\/#main\" class=\"wp-image-1255\" srcset=\"https:\/\/ccjlvd.fr\/wp-content\/uploads\/2019\/04\/creche-noyers-sur-jabron-1024x498.jpg 1024w, https:\/\/ccjlvd.fr\/wp-content\/uploads\/2019\/04\/creche-noyers-sur-jabron-300x146.jpg 300w, https:\/\/ccjlvd.fr\/wp-content\/uploads\/2019\/04\/creche-noyers-sur-jabron-768x373.jpg 768w\" sizes=\"auto, (max-width: 1024px) 100vw, 1024px\" \/><\/figure><\/li><\/ul>\n\n\n\n<p class=\"wp-block-paragraph\"><\/p>\n\n\n\n<p class=\"wp-block-paragraph\"><\/p>\n\n\n\n<p class=\"wp-block-paragraph\"><\/p>\n\n\n\n<p class=\"wp-block-paragraph\">Elle est ouverte de 7h30 \u00e0 18h30 du lundi au vendredi.<\/p>\n\n\n\n<p class=\"wp-block-paragraph\">La cr\u00e8che est ferm\u00e9e les 3 semaines premi\u00e8res d&rsquo;Ao\u00fbt et entre No\u00ebl et le jour de l&rsquo;An.<\/p>\n\n\n\n<p class=\"wp-block-paragraph\">Elle accueille vos enfants de 2.5 mois \u00e0 6 ans dans un cadre agr\u00e9able et fonctionnel. De nombreuses activit\u00e9s permettent un d\u00e9veloppement harmonieux de votre enfant<\/p>\n\n\n\n<p class=\"wp-block-paragraph\">Une passerelle entre la\ncr\u00e8che et l&rsquo;\u00e9cole voisine est assur\u00e9e afin de favoriser l\u2019int\u00e9gration \u00e0\nl&rsquo;\u00e9cole.<\/p>\n","protected":false},"excerpt":{"rendered":"<p>La cr\u00e8che \u00ab\u00a0Les P&rsquo;tits Loups de la Vall\u00e9e\u00a0\u00bb se situe \u00e0 Noyers-sur-Jabron (04) \u00e0 proximit\u00e9 de Sisteron. Elle est ouverte de 7h30 \u00e0 18h30 du lundi au vendredi. La cr\u00e8che est ferm\u00e9e les 3 semaines premi\u00e8res d&rsquo;Ao\u00fbt et entre No\u00ebl et le jour de l&rsquo;An. Elle accueille vos enfants de 2.5 mois \u00e0 6 ans <a class=\"more-link\" href=\"https:\/\/ccjlvd.fr\/index.php\/enfance-jeunesse\/les-creches\/creche-les-ptits-loups-de-la-vallee\/\">Lire plus &#8230;<\/a><\/p>\n","protected":false},"author":3,"featured_media":0,"parent":164,"menu_order":1,"comment_status":"closed","ping_status":"closed","template":"","meta":{"_crdt_document":"","jetpack_post_was_ever_published":false,"footnotes":""},"class_list":["post-1235","page","type-page","status-publish","hentry"],"jetpack_sharing_enabled":true,"jetpack_shortlink":"https:\/\/wp.me\/Paa2VA-jV","_links":{"self":[{"href":"https:\/\/ccjlvd.fr\/index.php\/wp-json\/wp\/v2\/pages\/1235","targetHints":{"allow":["GET"]}}],"collection":[{"href":"https:\/\/ccjlvd.fr\/index.php\/wp-json\/wp\/v2\/pages"}],"about":[{"href":"https:\/\/ccjlvd.fr\/index.php\/wp-json\/wp\/v2\/types\/page"}],"author":[{"embeddable":true,"href":"https:\/\/ccjlvd.fr\/index.php\/wp-json\/wp\/v2\/users\/3"}],"replies":[{"embeddable":true,"href":"https:\/\/ccjlvd.fr\/index.php\/wp-json\/wp\/v2\/comments?post=1235"}],"version-history":[{"count":8,"href":"https:\/\/ccjlvd.fr\/index.php\/wp-json\/wp\/v2\/pages\/1235\/revisions"}],"predecessor-version":[{"id":1623,"href":"https:\/\/ccjlvd.fr\/index.php\/wp-json\/wp\/v2\/pages\/1235\/revisions\/1623"}],"up":[{"embeddable":true,"href":"https:\/\/ccjlvd.fr\/index.php\/wp-json\/wp\/v2\/pages\/164"}],"wp:attachment":[{"href":"https:\/\/ccjlvd.fr\/index.php\/wp-json\/wp\/v2\/media?parent=1235"}],"curies":[{"name":"wp","href":"https:\/\/api.w.org\/{rel}","templated":true}]}}