{"id":124,"date":"2019-05-24T14:50:12","date_gmt":"2019-05-24T12:50:12","guid":{"rendered":"http:\/\/ccjlvd.jabron.org\/?page_id=124"},"modified":"2026-04-14T11:13:08","modified_gmt":"2026-04-14T09:13:08","slug":"le-fonctionnement-de-la-collectivite","status":"publish","type":"page","link":"https:\/\/ccjlvd.fr\/index.php\/la-communaute-de-communes\/le-fonctionnement-de-la-collectivite\/","title":{"rendered":"Le fonctionnement de la collectivit\u00e9"},"content":{"rendered":"<div id=\"page\" class=\"hfeed site\">\r\n<div id=\"main\" class=\"clearfix\">\r\n<div class=\"inner-wrap clearfix\">\r\n<div id=\"primary\">\r\n<div id=\"content\" class=\"clearfix\">\r\n<article id=\"post-8936\" class=\"post-8936 page type-page status-publish hentry\">\r\n<div class=\"entry-content clearfix\">\r\n<div id=\"pl-8936\" class=\"panel-layout\">\r\n<div id=\"pg-8936-0\" class=\"panel-grid panel-no-style\">\r\n<div id=\"pgc-8936-0-1\" class=\"panel-grid-cell\">\r\n<div id=\"panel-8936-0-1-0\" class=\"so-panel widget widget_sow-editor panel-first-child panel-last-child\" data-index=\"1\">\r\n<h1 class=\"so-widget-sow-editor so-widget-sow-editor-base\" style=\"text-align: center;\"><strong>Le conseil communautaire<\/strong><\/h1>\r\n<p class=\"siteorigin-widget-tinymce textwidget\" style=\"text-align: left;\">Le Conseil communautaire est compos\u00e9 de <strong>27 \u00e9lus repr\u00e9sentant les 14 communes<\/strong> du territoire. Ils ont \u00e9t\u00e9 \u00e9lus ou d\u00e9sign\u00e9s lors des \u00e9lections communales de mars 2026.<\/p>\r\n<div class=\"so-widget-sow-editor so-widget-sow-editor-base\">\r\n<div class=\"siteorigin-widget-tinymce textwidget\">\r\n<div id=\"page\" class=\"hfeed site\">\r\n<div id=\"main\" class=\"clearfix\">\r\n<div class=\"inner-wrap clearfix\">\r\n<div id=\"primary\">\r\n<div id=\"content\" class=\"clearfix\">\r\n<article id=\"post-8936\" class=\"post-8936 page type-page status-publish hentry\">\r\n<div class=\"entry-content clearfix\">\r\n<div id=\"pl-8936\" class=\"panel-layout\">\r\n<div id=\"pg-8936-0\" class=\"panel-grid panel-no-style\">\r\n<div id=\"pgc-8936-0-1\" class=\"panel-grid-cell\" style=\"text-align: left;\">\r\n<div id=\"panel-8936-0-1-0\" class=\"so-panel widget widget_sow-editor panel-first-child panel-last-child\" data-index=\"1\">\r\n<div class=\"so-widget-sow-editor so-widget-sow-editor-base\">\r\n<div class=\"siteorigin-widget-tinymce textwidget\">\r\n<p>Le Conseil communautaire est l&rsquo;organe d\u00e9cisionnel de la Communaut\u00e9 de communes. Il a une comp\u00e9tence g\u00e9n\u00e9rale sur toutes les questions qui rel\u00e8vent des <em>comp\u00e9tences obligatoires, optionnelles ou facultatives de l&rsquo;intercommunalit\u00e9.<\/em><\/p>\r\n<p>Il d\u00e9cide des orientations de la collectivit\u00e9 et vote le budget.<\/p>\r\n<p>Il doit se r\u00e9unir <em>au moins une fois par trimestre<\/em> pour statuer sur les diff\u00e9rents dossiers de la collectivit\u00e9.<\/p>\r\n<p>Il a d\u00e9l\u00e9gu\u00e9 une partie de ses pr\u00e9rogatives au Pr\u00e9sident et au bureau.<\/p>\r\n<p>&nbsp;<\/p>\r\n<p style=\"text-align: center;\"><strong>***<\/strong><\/p>\r\n<\/div>\r\n<\/div>\r\n<\/div>\r\n<\/div>\r\n<div id=\"pgc-8936-0-1\" class=\"panel-grid-cell\">\r\n<div id=\"panel-8936-0-1-0\" class=\"so-panel widget widget_sow-editor panel-first-child panel-last-child\" data-index=\"1\">\r\n<div class=\"so-widget-sow-editor so-widget-sow-editor-base\">\r\n<div class=\"siteorigin-widget-tinymce textwidget\">\r\n<div class=\"siteorigin-widget-tinymce textwidget\" style=\"text-align: left;\">\r\n<h1 style=\"text-align: center;\"><strong>Le Bureau<\/strong><\/h1>\r\n<p>Le Bureau regroupe le <strong>Pr\u00e9sident<\/strong> de la Communaut\u00e9 de commune, alias Monsieur Brice CHADEBEC ainsi que 5<strong> Vice-pr\u00e9sidents<\/strong> alias Monsieur MARTINOD, Madame DUPARCHY, Monsieur DRAC et Madame NICOLINO, Monsieur RAHMOUN et enfin les<strong>\u00a0membres du\u00a0 conseil communautaire<\/strong> (soit les maires de la Communaut\u00e9 de communes) qui ont \u00e9t\u00e9 \u00e9lus pour si\u00e9ger au sein de cette instance.<\/p>\r\n<p>Le Conseil Communautaire a d\u00e9l\u00e9gu\u00e9 au Bureau et au Pr\u00e9sident un certain nombre d&rsquo;attributions\u00a0 afin d&rsquo;acc\u00e9l\u00e9rer le processus de d\u00e9cision de l&rsquo;Intercommunalit\u00e9.<\/p>\r\n<p>Le Bureau est \u00e9galement charg\u00e9 d&rsquo;\u00e9tudier le travail des commissions, valider les propositions retenues ou les envoyer en commissions, fixer l&rsquo;ordre du jour du conseil .\u00a0<\/p>\r\n<p style=\"text-align: center;\"><strong>***<\/strong><\/p>\r\n<\/div>\r\n<h1 style=\"text-align: center;\"><strong>Les commissions <br \/><\/strong><\/h1>\r\n<p style=\"text-align: left;\">Le travail pr\u00e9paratoire aux d\u00e9lib\u00e9rations du conseil se fait au sein de commissions th\u00e9matiques. Chaque commission est compos\u00e9e de plusieurs conseillers issus du conseil communautaire.<\/p>\r\n<p><strong>A VENIR<\/strong><\/p>\r\n<\/div>\r\n<\/div>\r\n<\/div>\r\n<\/div>\r\n<\/div>\r\n<\/div>\r\n<\/div>\r\n<\/article>\r\n<\/div>\r\n<\/div>\r\n<\/div>\r\n<\/div>\r\n<\/div>\r\n<\/div>\r\n<\/div>\r\n<\/div>\r\n<\/div>\r\n<\/div>\r\n<\/div>\r\n<\/div>\r\n<\/article>\r\n<\/div>\r\n<\/div>\r\n<\/div>\r\n<\/div>\r\n<\/div>\r\n<div id=\"page\" class=\"hfeed site\">\r\n<div id=\"main\" class=\"clearfix\">\r\n<div class=\"inner-wrap clearfix\">\r\n<div id=\"primary\">\r\n<div id=\"content\" class=\"clearfix\">\r\n<article id=\"post-13079\" class=\"post-13079 page type-page status-publish hentry\">\r\n<div class=\"entry-content clearfix\">\r\n<div id=\"pl-13079\" class=\"panel-layout\">\r\n<div id=\"pg-13079-0\" class=\"panel-grid panel-no-style\">\r\n<div id=\"pgc-13079-0-1\" class=\"panel-grid-cell\">\r\n<div id=\"panel-13079-0-1-0\" class=\"so-panel widget widget_sow-editor panel-first-child panel-last-child\" data-index=\"1\">\r\n<div class=\"so-widget-sow-editor so-widget-sow-editor-base\">\u00a0<\/div>\r\n<\/div>\r\n<\/div>\r\n<\/div>\r\n<\/div>\r\n<\/div>\r\n<\/article>\r\n<\/div>\r\n<\/div>\r\n<\/div>\r\n<\/div>\r\n<\/div>\r\n\r\n<p class=\"wp-block-paragraph\">&nbsp;<\/p>\r\n","protected":false},"excerpt":{"rendered":"<p>Le conseil communautaire Le Conseil communautaire est compos\u00e9 de 27 \u00e9lus repr\u00e9sentant les 14 communes du territoire. Ils ont \u00e9t\u00e9 \u00e9lus ou d\u00e9sign\u00e9s lors des \u00e9lections communales de mars 2026. Le Conseil communautaire est l&rsquo;organe d\u00e9cisionnel de la Communaut\u00e9 de communes. Il a une comp\u00e9tence g\u00e9n\u00e9rale sur toutes les questions qui rel\u00e8vent des comp\u00e9tences obligatoires, <a class=\"more-link\" href=\"https:\/\/ccjlvd.fr\/index.php\/la-communaute-de-communes\/le-fonctionnement-de-la-collectivite\/\">Lire plus &#8230;<\/a><\/p>\n","protected":false},"author":3,"featured_media":603,"parent":120,"menu_order":0,"comment_status":"closed","ping_status":"closed","template":"","meta":{"_crdt_document":"","jetpack_post_was_ever_published":false,"footnotes":""},"class_list":["post-124","page","type-page","status-publish","has-post-thumbnail","hentry"],"jetpack_sharing_enabled":true,"jetpack_shortlink":"https:\/\/wp.me\/Paa2VA-20","_links":{"self":[{"href":"https:\/\/ccjlvd.fr\/index.php\/wp-json\/wp\/v2\/pages\/124","targetHints":{"allow":["GET"]}}],"collection":[{"href":"https:\/\/ccjlvd.fr\/index.php\/wp-json\/wp\/v2\/pages"}],"about":[{"href":"https:\/\/ccjlvd.fr\/index.php\/wp-json\/wp\/v2\/types\/page"}],"author":[{"embeddable":true,"href":"https:\/\/ccjlvd.fr\/index.php\/wp-json\/wp\/v2\/users\/3"}],"replies":[{"embeddable":true,"href":"https:\/\/ccjlvd.fr\/index.php\/wp-json\/wp\/v2\/comments?post=124"}],"version-history":[{"count":26,"href":"https:\/\/ccjlvd.fr\/index.php\/wp-json\/wp\/v2\/pages\/124\/revisions"}],"predecessor-version":[{"id":7335,"href":"https:\/\/ccjlvd.fr\/index.php\/wp-json\/wp\/v2\/pages\/124\/revisions\/7335"}],"up":[{"embeddable":true,"href":"https:\/\/ccjlvd.fr\/index.php\/wp-json\/wp\/v2\/pages\/120"}],"wp:featuredmedia":[{"embeddable":true,"href":"https:\/\/ccjlvd.fr\/index.php\/wp-json\/wp\/v2\/media\/603"}],"wp:attachment":[{"href":"https:\/\/ccjlvd.fr\/index.php\/wp-json\/wp\/v2\/media?parent=124"}],"curies":[{"name":"wp","href":"https:\/\/api.w.org\/{rel}","templated":true}]}}