{"id":130,"date":"2018-08-03T14:51:27","date_gmt":"2018-08-03T12:51:27","guid":{"rendered":"http:\/\/ccjlvd.jabron.org\/?page_id=130"},"modified":"2019-06-11T13:12:31","modified_gmt":"2019-06-11T11:12:31","slug":"le-budget","status":"publish","type":"page","link":"https:\/\/ccjlvd.fr\/index.php\/la-communaute-de-communes\/le-budget\/","title":{"rendered":"Le budget"},"content":{"rendered":"<p><img loading=\"lazy\" decoding=\"async\" class=\"wp-image-1274 alignright\" src=\"http:\/\/ccjlvd.jabron.org\/wp-content\/uploads\/2019\/04\/le_budget-300x200.jpg\" alt=\"\" width=\"243\" height=\"162\" srcset=\"https:\/\/ccjlvd.fr\/wp-content\/uploads\/2019\/04\/le_budget-300x200.jpg 300w, https:\/\/ccjlvd.fr\/wp-content\/uploads\/2019\/04\/le_budget-768x512.jpg 768w, https:\/\/ccjlvd.fr\/wp-content\/uploads\/2019\/04\/le_budget-1024x682.jpg 1024w, https:\/\/ccjlvd.fr\/wp-content\/uploads\/2019\/04\/le_budget.jpg 1688w\" sizes=\"auto, (max-width: 243px) 100vw, 243px\" \/><\/p>\n<p>La Communaut\u00e9 de communes vote tous les ans, fin mars-d\u00e9but avril, son budget pour l&rsquo;ann\u00e9e. Ce budget retrace l&rsquo;ensemble des pr\u00e9visions de d\u00e9penses et de recettes de la collectivit\u00e9.<\/p>\n<p>Les d\u00e9penses de fonctionnement sont les d\u00e9penses li\u00e9es au fonctionnement des diff\u00e9rents services ( les ordures m\u00e9nag\u00e8res, le service public d&rsquo;assainissement non collectif, l&rsquo;accueil de loisirs , le d\u00e9veloppement \u00e9conomique et touristique&#8230;)<\/p>\n<p>Les recettes de fonctionnement proviennent des dotations de l&rsquo;Etat, de la fiscalit\u00e9 (Cotisation fonci\u00e8re des entreprises, taxe d&rsquo;habitation , taxe fonci\u00e8re b\u00e2ti et non b\u00e2ti, taxe ordures m\u00e9nag\u00e8res,&nbsp; taxe GEMAPI, taxe de s\u00e9jour), ainsi que des aides de nos partenaires sur le fonctionnement de certains services ( aides de la CAF pour l&rsquo;accueil de loisirs, rachat de mat\u00e9riaux recyclables de la part des \u00e9co-organismes..)<\/p>\n","protected":false},"excerpt":{"rendered":"<p>La Communaut\u00e9 de communes vote tous les ans, fin mars-d\u00e9but avril, son budget pour l&rsquo;ann\u00e9e. Ce budget retrace l&rsquo;ensemble des pr\u00e9visions de d\u00e9penses et de recettes de la collectivit\u00e9. Les d\u00e9penses de fonctionnement sont les d\u00e9penses li\u00e9es au fonctionnement des diff\u00e9rents services ( les ordures m\u00e9nag\u00e8res, le service public d&rsquo;assainissement non collectif, l&rsquo;accueil de loisirs <a class=\"more-link\" href=\"https:\/\/ccjlvd.fr\/index.php\/la-communaute-de-communes\/le-budget\/\">Lire plus &#8230;<\/a><\/p>\n","protected":false},"author":1,"featured_media":0,"parent":120,"menu_order":0,"comment_status":"closed","ping_status":"closed","template":"","meta":{"_crdt_document":"","jetpack_post_was_ever_published":false,"footnotes":""},"class_list":["post-130","page","type-page","status-publish","hentry"],"jetpack_sharing_enabled":true,"jetpack_shortlink":"https:\/\/wp.me\/Paa2VA-26","_links":{"self":[{"href":"https:\/\/ccjlvd.fr\/index.php\/wp-json\/wp\/v2\/pages\/130","targetHints":{"allow":["GET"]}}],"collection":[{"href":"https:\/\/ccjlvd.fr\/index.php\/wp-json\/wp\/v2\/pages"}],"about":[{"href":"https:\/\/ccjlvd.fr\/index.php\/wp-json\/wp\/v2\/types\/page"}],"author":[{"embeddable":true,"href":"https:\/\/ccjlvd.fr\/index.php\/wp-json\/wp\/v2\/users\/1"}],"replies":[{"embeddable":true,"href":"https:\/\/ccjlvd.fr\/index.php\/wp-json\/wp\/v2\/comments?post=130"}],"version-history":[{"count":7,"href":"https:\/\/ccjlvd.fr\/index.php\/wp-json\/wp\/v2\/pages\/130\/revisions"}],"predecessor-version":[{"id":1448,"href":"https:\/\/ccjlvd.fr\/index.php\/wp-json\/wp\/v2\/pages\/130\/revisions\/1448"}],"up":[{"embeddable":true,"href":"https:\/\/ccjlvd.fr\/index.php\/wp-json\/wp\/v2\/pages\/120"}],"wp:attachment":[{"href":"https:\/\/ccjlvd.fr\/index.php\/wp-json\/wp\/v2\/media?parent=130"}],"curies":[{"name":"wp","href":"https:\/\/api.w.org\/{rel}","templated":true}]}}