{"id":164,"date":"2018-08-03T15:01:44","date_gmt":"2018-08-03T13:01:44","guid":{"rendered":"http:\/\/ccjlvd.jabron.org\/?page_id=164"},"modified":"2025-01-07T15:40:13","modified_gmt":"2025-01-07T14:40:13","slug":"les-creches","status":"publish","type":"page","link":"https:\/\/ccjlvd.fr\/index.php\/enfance-jeunesse\/les-creches\/","title":{"rendered":"Les Cr\u00e8ches"},"content":{"rendered":"<p>Deux cr\u00e8ches associatives sont pr\u00e9sentes sur notre territoire.<\/p>\n<p>Situ\u00e9es respectivement \u00e0 Noyers sur Jabron ( 20 places) et sur Peipin (10 places), ces cr\u00e8ches sont soutenues financi\u00e8rement par la Communaut\u00e9 de communes\u00a0 par le biais de subventions de fonctionnement, la prise en charge de factures de fonctionnement mais aussi la mise \u00e0 disposition gratuite des b\u00e2timents.<\/p>\n<p>Les deux anciennes intercommunalit\u00e9s ont fortement investi dans l&rsquo;enfance -jeunesse, conscientes qu&rsquo;il s&rsquo;agissait l\u00e0 de l&rsquo;avenir de notre territoire.<\/p>\n<p>La suppression des contrats aid\u00e9s met en p\u00e9ril ces structures qui d\u00e9pendent fortement des aides publiques pour fonctionner.<\/p>\n<p>Aussi la Communaut\u00e9 de communes a d\u00e9cid\u00e9 pour 2024 d&rsquo;apporter un soutien particulier en doublant\u00a0\u00a0 la subvention accord\u00e9e passant ainsi de 27 000 \u00e0 54 000\u20ac pour Peipin\u00a0 et de 52 000\u20ac \u00e0 104 000\u20ac pour la cr\u00e8che de Noyers sur Jabron.<\/p>\n","protected":false},"excerpt":{"rendered":"<p>Deux cr\u00e8ches associatives sont pr\u00e9sentes sur notre territoire. Situ\u00e9es respectivement \u00e0 Noyers sur Jabron ( 20 places) et sur Peipin (10 places), ces cr\u00e8ches sont soutenues financi\u00e8rement par la Communaut\u00e9 de communes\u00a0 par le biais de subventions de fonctionnement, la prise en charge de factures de fonctionnement mais aussi la mise \u00e0 disposition gratuite des <a class=\"more-link\" href=\"https:\/\/ccjlvd.fr\/index.php\/enfance-jeunesse\/les-creches\/\">Lire plus &#8230;<\/a><\/p>\n","protected":false},"author":1,"featured_media":0,"parent":160,"menu_order":0,"comment_status":"closed","ping_status":"closed","template":"","meta":{"_crdt_document":"","jetpack_post_was_ever_published":false,"footnotes":""},"class_list":["post-164","page","type-page","status-publish","hentry"],"jetpack_sharing_enabled":true,"jetpack_shortlink":"https:\/\/wp.me\/Paa2VA-2E","_links":{"self":[{"href":"https:\/\/ccjlvd.fr\/index.php\/wp-json\/wp\/v2\/pages\/164","targetHints":{"allow":["GET"]}}],"collection":[{"href":"https:\/\/ccjlvd.fr\/index.php\/wp-json\/wp\/v2\/pages"}],"about":[{"href":"https:\/\/ccjlvd.fr\/index.php\/wp-json\/wp\/v2\/types\/page"}],"author":[{"embeddable":true,"href":"https:\/\/ccjlvd.fr\/index.php\/wp-json\/wp\/v2\/users\/1"}],"replies":[{"embeddable":true,"href":"https:\/\/ccjlvd.fr\/index.php\/wp-json\/wp\/v2\/comments?post=164"}],"version-history":[{"count":11,"href":"https:\/\/ccjlvd.fr\/index.php\/wp-json\/wp\/v2\/pages\/164\/revisions"}],"predecessor-version":[{"id":6277,"href":"https:\/\/ccjlvd.fr\/index.php\/wp-json\/wp\/v2\/pages\/164\/revisions\/6277"}],"up":[{"embeddable":true,"href":"https:\/\/ccjlvd.fr\/index.php\/wp-json\/wp\/v2\/pages\/160"}],"wp:attachment":[{"href":"https:\/\/ccjlvd.fr\/index.php\/wp-json\/wp\/v2\/media?parent=164"}],"curies":[{"name":"wp","href":"https:\/\/api.w.org\/{rel}","templated":true}]}}