{"id":184,"date":"2018-08-03T15:10:56","date_gmt":"2018-08-03T13:10:56","guid":{"rendered":"http:\/\/ccjlvd.jabron.org\/?page_id=184"},"modified":"2025-03-14T16:52:20","modified_gmt":"2025-03-14T15:52:20","slug":"ordures-menageres","status":"publish","type":"page","link":"https:\/\/ccjlvd.fr\/index.php\/environnement\/ordures-menageres\/","title":{"rendered":"Ordures M\u00e9nag\u00e8res"},"content":{"rendered":"\r\n<h1><strong><img loading=\"lazy\" decoding=\"async\" class=\"wp-image-4998 alignleft\" src=\"https:\/\/ccjlvd.fr\/wp-content\/uploads\/2023\/07\/IMG-6248-scaled.jpg\" alt=\"Collecte des emballages \u00e0 Aubignosc\" width=\"446\" height=\"334\" srcset=\"https:\/\/ccjlvd.fr\/wp-content\/uploads\/2023\/07\/IMG-6248-scaled.jpg 2560w, https:\/\/ccjlvd.fr\/wp-content\/uploads\/2023\/07\/IMG-6248-300x225.jpg 300w, https:\/\/ccjlvd.fr\/wp-content\/uploads\/2023\/07\/IMG-6248-1024x768.jpg 1024w, https:\/\/ccjlvd.fr\/wp-content\/uploads\/2023\/07\/IMG-6248-768x576.jpg 768w, https:\/\/ccjlvd.fr\/wp-content\/uploads\/2023\/07\/IMG-6248-1536x1152.jpg 1536w, https:\/\/ccjlvd.fr\/wp-content\/uploads\/2023\/07\/IMG-6248-2048x1536.jpg 2048w\" sizes=\"auto, (max-width: 446px) 100vw, 446px\" \/><\/strong><\/h1>\r\n<h1>\u00a0<\/h1>\r\n<h1 style=\"text-align: left;\"><strong>REDUIRE NOS DECHETS : UNE OBLIGATION !\u00a0<\/strong><\/h1>\r\n<p>La r\u00e9duction des d\u00e9chets est un enjeu majeur qui r\u00e9pond \u00e0 des n\u00e9cessit\u00e9s environnementale et financi\u00e8re.<\/p>\r\n<p><strong>La loi de Transition \u00c9cologique pour une Croissance Verte oblige \u00e0 r\u00e9duire de 50% le tonnage d\u2019ordures mis en enfouissement en 2025 par rapport \u00e0 2010<\/strong>. Les capacit\u00e9s autoris\u00e9es \u00e9tant nettement plus faibles, les co\u00fbts de traitement vont \u00eatre multipli\u00e9s par deux. Aussi, la Taxe g\u00e9n\u00e9rale sur les Activit\u00e9s Polluantes (TGAP), factur\u00e9e sur chaque tonne de d\u00e9chets mis en stockage, de 25\u20ac en 2019 va augmenter jusqu\u2019\u00e0 65\u20ac d\u2019ici 2025. Cette taxe va consid\u00e9rablement participer \u00e0 l\u2019augmentation des tarifs de l\u2019enfouissement et peser sur le budget des collectivit\u00e9s.<\/p>\r\n<p>C\u2019est pourquoi la Communaut\u00e9 de Communes m\u00e8ne des actions en faveur du tri, du compostage et de la r\u00e9duction des d\u00e9chets. La r\u00e9duction des d\u00e9chets mis en stockage permettra de limiter l\u2019augmentation des co\u00fbts, elle r\u00e9duira aussi et surtout notre impact environnemental.<\/p>\r\n<p>L\u2019analyse des poubelles de la CCJLVD r\u00e9alis\u00e9e en 2022 a r\u00e9v\u00e9l\u00e9 que plus des deux tiers des ordures m\u00e9nag\u00e8res mises en sacs auraient pu \u00eatre valoris\u00e9es si elles avaient \u00e9t\u00e9 jet\u00e9es au bon endroit. Ces mati\u00e8res valorisables sont en majorit\u00e9 des emballages \u2013 donc recyclables \u2013 et des biod\u00e9chets compostables.<img loading=\"lazy\" decoding=\"async\" class=\"size-medium wp-image-4664 alignleft\" src=\"https:\/\/ccjlvd.fr\/wp-content\/uploads\/2023\/02\/OM-300x245.gif\" alt=\"\" width=\"300\" height=\"245\" \/><\/p>\r\n<h6>\u00a0<\/h6>\r\n<h6 style=\"text-align: center;\"><strong><em>Plus de conseils pour r\u00e9duire ses d\u00e9chets <a href=\"https:\/\/www.sydevom04.fr\/reduire-mes-dechets\/\">ici\u00a0<\/a><\/em><\/strong><\/h6>\r\n<p style=\"text-align: center;\">***<\/p>\r\n<h1 style=\"text-align: left;\"><strong>LA COLLECTE DES DECHETS<\/strong><\/h1>\r\n<p><b>La CCJLVD est responsable de la collecte des d\u00e9chets sur son territoire. Depuis 2023, l<\/b><strong>a collecte des ordures m\u00e9nag\u00e8res et des d\u00e9chets recyclables se fait enti\u00e8rement en colonnes regroup\u00e9es en Points d\u2019Apport Volontaires (PAV).<\/strong><\/p>\r\n<p>La prestation de collecte est confi\u00e9e au SYDEVOM 04 qui assure le transfert des d\u00e9chets vers les sites de traitement.<\/p>\r\n<p>Concr\u00e8tement, cette organisation s&rsquo;appuie sur :<\/p>\r\n<ul>\r\n<li style=\"list-style-type: none;\">\r\n<ul>\r\n<li style=\"list-style-type: none;\">\r\n<ul>\r\n<li>Une collecte exclusive en PAV pour tous les d\u00e9chets d\u00e9ploy\u00e9e dans toutes les communes,\u00a0<\/li>\r\n<li>Des PAV \u00e9quip\u00e9s de colonnes a\u00e9riennes,<\/li>\r\n<li>Seules les ordures m\u00e9nag\u00e8res sont jet\u00e9es en sac, les recyclables doivent \u00eatre jet\u00e9s en vrac,<\/li>\r\n<li>Les PAV ne sont pas tous \u00e9quip\u00e9s de la m\u00eame fa\u00e7on\u00a0: le nombre de colonnes est adapt\u00e9 en fonction de la population desservie. Ils contiennent tous a minima 4 flux\u00a0: ordures m\u00e9nag\u00e8res, emballages, papiers et verre. Certains sont compl\u00e9t\u00e9s par des colonnes \u00e0 cartons,<\/li>\r\n<li>Dans chaque commune, un PAV est \u00e9quip\u00e9 de colonnes avec acc\u00e8s pour personnes \u00e0 mobilit\u00e9 r\u00e9duite,<\/li>\r\n<li>Les colonnes appartiennent \u00e0 la CCJLVD qui en assure la collecte et l&rsquo;entretien avec son prestataire (SYDEVOM),<\/li>\r\n<li>La propret\u00e9 autour des colonnes rel\u00e8ve de la comp\u00e9tence des communes.<\/li>\r\n<\/ul>\r\n<\/li>\r\n<\/ul>\r\n<\/li>\r\n<\/ul>\r\n<p><iframe loading=\"lazy\" src=\"https:\/\/www.google.com\/maps\/d\/embed?mid=1CMPXrXzXvjN8_shWBkpm2eUoDIPbuL8&amp;ehbc=2E312F\" width=\"640\" height=\"480\"><\/iframe><\/p>\r\n<p>L&rsquo;acquisition de 249 colonnes en 2023 a \u00e9t\u00e9 cofinanc\u00e9e par la CCJLVD et ses partenaires (Union Europ\u00e9enne, <a href=\"https:\/\/www.provencealpesagglo.fr\/groupe-daction-locale-durance-provence\/\">Leader<\/a>, <a href=\"https:\/\/europe.maregionsud.fr\/\">R\u00e9gion Sud<\/a>, Etat, CITEO) :<\/p>\r\n<p><img loading=\"lazy\" decoding=\"async\" class=\"alignnone  wp-image-5002\" src=\"https:\/\/ccjlvd.fr\/wp-content\/uploads\/2023\/07\/Logos.png\" alt=\"\" width=\"639\" height=\"100\" srcset=\"https:\/\/ccjlvd.fr\/wp-content\/uploads\/2023\/07\/Logos.png 1118w, https:\/\/ccjlvd.fr\/wp-content\/uploads\/2023\/07\/Logos-300x47.png 300w, https:\/\/ccjlvd.fr\/wp-content\/uploads\/2023\/07\/Logos-1024x160.png 1024w, https:\/\/ccjlvd.fr\/wp-content\/uploads\/2023\/07\/Logos-768x120.png 768w\" sizes=\"auto, (max-width: 639px) 100vw, 639px\" \/><\/p>\r\n<p style=\"text-align: center;\">***<\/p>\r\n<h1 style=\"text-align: left;\"><strong><span style=\"background: white;\">LE TRI<\/span><\/strong><\/h1>\r\n<p>Les emballages et le papier sont trait\u00e9s soit au centre de tri de Manosque (V\u00e9olia) soit au centre de tri de Ventavon (V\u00e9olia) en fonction de l&rsquo;activit\u00e9 de ces centres. Chaque mat\u00e9riau y est tri\u00e9 pour \u00eatre ensuite envoy\u00e9 vers une usine de recyclage sp\u00e9cifique. Le carton est tri\u00e9 au centre de tri de Ventavon. Le verre est achemin\u00e9 vers la plateforme de stockage temporaire de La Brillanne.<\/p>\r\n<p>Les d\u00e9chets qui ne sont ni tri\u00e9s ni recycl\u00e9s sont enfouis dans une Installation de Stockage de D\u00e9chets Non Dangereux (ISDND). Pour la CCJLVD, le site est celui du Beynon \u00e0 Ventavon (05), il s\u2019agit d\u2019un site priv\u00e9 propri\u00e9t\u00e9 de V\u00e9olia.<\/p>\r\n<p><strong>Les autres d\u00e9chets\u00a0:<\/strong><\/p>\r\n<ul>\r\n<li style=\"list-style-type: none;\">\r\n<ul>\r\n<li style=\"list-style-type: none;\">\r\n<ul>\r\n<li><strong>Les\u00a0D\u00e9chets d\u2019\u00c9quipements \u00c9lectriques et \u00c9lectroniques\u00a0(DDE) <\/strong>usag\u00e9s doivent \u00eatre d\u00e9pos\u00e9s en d\u00e9chetterie ou chez un revendeur (<a href=\"https:\/\/www.ecosystem.eco\/donner-recycler\/\">liste<\/a>)<\/li>\r\n<li><strong>Les encombrants\u00a0<\/strong>sont ramass\u00e9s par les services municipaux\u00a0ou peuvent \u00eatre amen\u00e9s en d\u00e9chetterie.<\/li>\r\n<li><strong>Les\u00a0d\u00e9chets de v\u00e9g\u00e9taux<\/strong> peuvent \u00eatre compost\u00e9s \u00e0 domicile ou apport\u00e9s en d\u00e9chetterie. Ils ne doivent pas \u00eatre d\u00e9pos\u00e9s dans les composteurs partag\u00e9s qui ne sont pas dimensionn\u00e9s pour les traiter.\u00a0<\/li>\r\n<li><strong>Les d\u00e9chets dangereux ou toxiques\u00a0<\/strong>(piles, cartouches, peinture, vernis, d\u00e9tergents,) sont \u00e0 d\u00e9poser en d\u00e9chetterie.<\/li>\r\n<li><strong>Les\u00a0m\u00e9dicaments<\/strong> non utilis\u00e9s\u00a0doivent \u00eatre d\u00e9pos\u00e9s en pharmacie.<\/li>\r\n<li><strong>Les v\u00e9hicules hors d\u2019usage\u00a0<\/strong>doivent \u00eatre remis \u00e0 des\u00a0d\u00e9molisseurs ou broyeurs agr\u00e9\u00e9s.<\/li>\r\n<li><strong>Les bouteilles de gaz <\/strong>doivent \u00eatre\u00a0rapport\u00e9es au distributeur.<\/li>\r\n<li><strong>Les textiles, linges et chaussures (TLC)<\/strong> peuvent \u00eatre rapport\u00e9s pour \u00eatre valoris\u00e9s. Ils doivent \u00eatre plac\u00e9s propres et secs dans un sac et les chaussures li\u00e9es par paire dans les bornes pr\u00e9vues \u00e0 cet effet, \u00e0 l\u2019Envol\u00e9e \u00e0 Sisteron ou \u00e0 la ressourcerie de Haute Provence \u00e0 Ch\u00e2teau-Arnoux. La localisation des bornes est disponible sur ce <a href=\"https:\/\/www.google.com\/maps\/d\/edit?mid=1CsKnfoXomzGUTV6phCQSxkRwrwpCBMM&amp;usp=sharing\">lien<\/a>.\u00a0\u00a0<\/li>\r\n<\/ul>\r\n<\/li>\r\n<\/ul>\r\n<\/li>\r\n<\/ul>\r\n<p style=\"text-align: center;\">***<\/p>\r\n<h1 style=\"text-align: left;\"><strong>LES BIODECHETS<\/strong><\/h1>\r\n<p><strong>Depuis janvier 2024, le tri \u00e0 la source des biod\u00e9chets est g\u00e9n\u00e9ralis\u00e9 et les collectivit\u00e9s doivent proposer des solutions pour le tri s\u00e9lectif des d\u00e9chets alimentaires. Concr\u00e8tement, ils ne devront plus \u00eatre jet\u00e9s dans la poubelle d&rsquo;ordures m\u00e9nag\u00e8res !<\/strong><\/p>\r\n<p>La CCJLVD a choisi de s&rsquo;engager vers 2 solutions selon le type d&rsquo;habitation : vente de composteurs individuels pour les habitations avec jardin et installation de composteurs partag\u00e9s pour les logements collectifs. Ces solutions sont progressivement mises en place depuis 2022 et seront activement poursuivies jusqu&rsquo;en 2026.\u00a0\u00a0<\/p>\r\n<p>Le d\u00e9ploiement de ces actions est soutenu financi\u00e8rement par l&rsquo;ADEME et la R\u00e9gion.\u00a0<\/p>\r\n<h2>Composteurs partag\u00e9s<\/h2>\r\n<p><iframe loading=\"lazy\" src=\"https:\/\/www.google.com\/maps\/d\/embed?mid=1p1r1fpscmy5Eb4n4P4f39FNAeFmaWfs&amp;hl=fr&amp;ehbc=2E312F\" width=\"640\" height=\"480\"><\/iframe><\/p>\r\n<h2>Composteurs individuels<\/h2>\r\n<p><strong>La CCJLVD et le SYDEVOM mettent \u00e0 disposition des habitants des composteurs en bois de 400 litres \u00e0 un tarif pr\u00e9f\u00e9rentiel de 15 \u20ac<\/strong>.<\/p>\r\n<p>Retrait aupr\u00e8s du SYDEVOM sur rendez-vous :<\/p>\r\n<ul>\r\n<li>Contact :\u00a0<a href=\"mailto:communication@sydevom04.fr\">communication@sydevom04.fr &#8211; <\/a>04.92.36.08.52.<br \/>Avenue Pierre Gassendi &#8211; ZA la Cassine &#8211; 04310 Peyruis.<\/li>\r\n<li>Paiement par ch\u00e8que<\/li>\r\n<li>Justificatif de domicile \u00e0 pr\u00e9senter.\u00a0<\/li>\r\n<\/ul>\r\n<p>Des ventes de composteurs individuels sont fr\u00e9quemment organis\u00e9es dans les communes.<\/p>\r\n<p>Plus d&rsquo;informations sur le compostage <a href=\"https:\/\/www.sydevom04.fr\/composter-mes-dechets\/\">ici<\/a>.\u00a0<\/p>\r\n<p style=\"text-align: center;\">***<\/p>\r\n<h1 style=\"text-align: left;\"><strong>LES DECHETTERIES<\/strong><\/h1>\r\n<p>La CCJLVD ne disposant pas de d\u00e9chetterie sur son territoire, elle conventionne avec d\u2019autres collectivit\u00e9s pour l&rsquo;acc\u00e8s de ses administr\u00e9s.<\/p>\r\n<p><strong>La d\u00e9chetterie des Bl\u00e2ches Gombert \u00e0 Ch\u00e2teau-Arnoux<\/strong> pour les habitants des communes de :<\/p>\r\n<ul>\r\n<li style=\"list-style-type: none;\">\r\n<ul>\r\n<li style=\"list-style-type: none;\">\r\n<ul>\r\n<li>Aubignosc<\/li>\r\n<li>Bevons<\/li>\r\n<li>Ch\u00e2teauneuf-Val-Saint-Donat<\/li>\r\n<li>Ch\u00e2teauneuf-Miravail<\/li>\r\n<li>Montfort<\/li>\r\n<li>Noyers-sur-Jabron<\/li>\r\n<li>Peipin<\/li>\r\n<li>Saint-Vincent-sur-Jabron<\/li>\r\n<li>Salignac<\/li>\r\n<li>Sourribes<\/li>\r\n<li>Valbelle<\/li>\r\n<\/ul>\r\n<\/li>\r\n<\/ul>\r\n<\/li>\r\n<\/ul>\r\n<p>Coordonn\u00e9es : Zone Artisanale des Bl\u00e2ches Gombert &#8211; 04160 Ch\u00e2teau-Arnoux-Saint-Auban \/ T\u00e9l\u00e9phone : 04 92 64 28 48<\/p>\r\n<p><strong>La d\u00e9chetterie de S\u00e9deron<\/strong> pour les habitants des communes de :<\/p>\r\n<ul>\r\n<li style=\"list-style-type: none;\">\r\n<ul>\r\n<li style=\"list-style-type: none;\">\r\n<ul>\r\n<li>Les Omergues<\/li>\r\n<li>Curel<\/li>\r\n<li>Montfroc<\/li>\r\n<\/ul>\r\n<\/li>\r\n<\/ul>\r\n<\/li>\r\n<\/ul>\r\n<p>Coordonn\u00e9es : Le Moulin Sortie Nord &#8211; 26560 S\u00e9deron \/ T\u00e9l\u00e9phone : 04 75 27 66 38<\/p>\r\n<p style=\"text-align: center;\">***<\/p>\r\n<h1 style=\"text-align: left;\"><strong>LE FINANCEMENT DU SERVICE\u00a0<\/strong><\/h1>\r\n<p>Le financement est assur\u00e9 par la Taxe d\u2019enl\u00e8vement des ordures m\u00e9nag\u00e8res (TEOM). Elle sert \u00e0 financer la collecte et le traitement des d\u00e9chets m\u00e9nagers et assimil\u00e9s :<\/p>\r\n<ul>\r\n<li style=\"list-style-type: none;\">\r\n<ul>\r\n<li style=\"list-style-type: none;\">\r\n<ul>\r\n<li>la collecte, le transport au centre d\u2019enfouissement et le traitement des OMR,<\/li>\r\n<li>la collecte, le transport au centre de tri et le traitement des recyclables,<\/li>\r\n<li>le nettoyage et l\u2019entretien des colonnes,<\/li>\r\n<li>l&rsquo;entretien des composteurs,<\/li>\r\n<li>l\u2019acc\u00e8s aux d\u00e9ch\u00e8teries,<\/li>\r\n<li>les frais de gestion du service (frais de personnel, frais administratifs\u2026),<\/li>\r\n<li>les investissements (am\u00e9nagement des points de collectes, achat de colonnes, \u2026).<\/li>\r\n<\/ul>\r\n<\/li>\r\n<\/ul>\r\n<\/li>\r\n<\/ul>\r\n<p><strong>Qui est redevable de la TEOM ?<\/strong><\/p>\r\n<p>Tout propri\u00e9taire d\u2019habitation, de commerce ou de\u00a0local artisanal et industriel situ\u00e9 sur le territoire de\u00a0la CCJLVD. Les propri\u00e9taires de bien en location peuvent, s\u2019ils le souhaitent, r\u00e9percuter cette taxe sur les locataires dans les charges li\u00e9es au logement.<\/p>\r\n<p><strong>Comment est calcul\u00e9e cette taxe ?\u00a0\u00a0\u00a0\u00a0\u00a0\u00a0\u00a0\u00a0\u00a0\u00a0<\/strong><\/p>\r\n<p>La TEOM est proportionnelle \u00e0 la valeur locative de la propri\u00e9t\u00e9 (assise sur la base de la taxe fonci\u00e8re). Elle est calcul\u00e9e de la mani\u00e8re suivante : <strong>base de taxe fonci\u00e8re<\/strong>\u00a0\u00a0 x\u00a0\u00a0\u00a0<strong>taux de TEOM<\/strong>.<\/p>\r\n<p>Le taux de la TEOM est fix\u00e9 par le conseil communautaire de la CCJLVD au moment du vote du budget. C\u2019est ensuite le service des imp\u00f4ts qui se charge du recouvrement.<\/p>\r\n<p style=\"text-align: center;\">***<\/p>\r\n<h1 style=\"text-align: left;\"><strong>LES DECHETS DES PROFESSIONNELS<\/strong><\/h1>\r\n<p>La redevance sp\u00e9ciale s\u2019applique aux professionnels producteurs de d\u00e9chets de plus de 2\u00a0500 L hebdomadaires, hors zone d\u2019activit\u00e9. Les volumes inf\u00e9rieurs \u00e0 2\u00a0500 L sont consid\u00e9r\u00e9s comme des d\u00e9chets assimil\u00e9s \u00e0 ceux des m\u00e9nages.<\/p>\r\n<p style=\"text-align: center;\">***<\/p>\r\n<h1 style=\"text-align: left;\"><strong>INCIVILITES ET DEPOTS SAUVAGES<\/strong><\/h1>\r\n<p>D\u00e9poser un matelas, des sacs poubelles, ou tout autre d\u00e9chets \u00e0 m\u00eame le sol, dans des cartons, sacs ou en vrac sur les espaces publics ou aux pieds des colonnes est consid\u00e9r\u00e9 comme un d\u00e9p\u00f4t sauvage et est interdit. \u00a0<\/p>\r\n<p>L&rsquo;enl\u00e8vement de ces d\u00e9chets a un co\u00fbt pour les communes. C&rsquo;est \u00e9galement une difficult\u00e9 suppl\u00e9mentaire, une perte de temps, et un manque de respect les agents oblig\u00e9s de ramasser manuellement ces d\u00e9tritus.<\/p>\r\n<p style=\"text-align: center;\"><span style=\"color: #000000;\"><strong>Attention, tout d\u00e9p\u00f4t sauvage expose le contrevenant \u00e0 une amende ! Plusieurs PAV sont \u00e9quip\u00e9s \u00e0 cet effet de cam\u00e9ras de vid\u00e9osurveillance.<\/strong><\/span><\/p>\r\n<p style=\"text-align: center;\">***<\/p>\r\n<h1><strong>ENCOMBRANTS<\/strong><\/h1>\r\n<p>Les mairies assurent toutes les questions relatives aux encombrants.<\/p>\r\n\r\n<div class=\"wp-block-file\">\u00a0<\/div>\r\n","protected":false},"excerpt":{"rendered":"<p>\u00a0 REDUIRE NOS DECHETS : UNE OBLIGATION !\u00a0 La r\u00e9duction des d\u00e9chets est un enjeu majeur qui r\u00e9pond \u00e0 des n\u00e9cessit\u00e9s environnementale et financi\u00e8re. La loi de Transition \u00c9cologique pour une Croissance Verte oblige \u00e0 r\u00e9duire de 50% le tonnage d\u2019ordures mis en enfouissement en 2025 par rapport \u00e0 2010. Les capacit\u00e9s autoris\u00e9es \u00e9tant nettement <a class=\"more-link\" href=\"https:\/\/ccjlvd.fr\/index.php\/environnement\/ordures-menageres\/\">Lire plus &#8230;<\/a><\/p>\n","protected":false},"author":3,"featured_media":0,"parent":182,"menu_order":0,"comment_status":"closed","ping_status":"closed","template":"","meta":{"_crdt_document":"","jetpack_post_was_ever_published":false,"footnotes":""},"class_list":["post-184","page","type-page","status-publish","hentry"],"jetpack_sharing_enabled":true,"jetpack_shortlink":"https:\/\/wp.me\/Paa2VA-2Y","_links":{"self":[{"href":"https:\/\/ccjlvd.fr\/index.php\/wp-json\/wp\/v2\/pages\/184","targetHints":{"allow":["GET"]}}],"collection":[{"href":"https:\/\/ccjlvd.fr\/index.php\/wp-json\/wp\/v2\/pages"}],"about":[{"href":"https:\/\/ccjlvd.fr\/index.php\/wp-json\/wp\/v2\/types\/page"}],"author":[{"embeddable":true,"href":"https:\/\/ccjlvd.fr\/index.php\/wp-json\/wp\/v2\/users\/3"}],"replies":[{"embeddable":true,"href":"https:\/\/ccjlvd.fr\/index.php\/wp-json\/wp\/v2\/comments?post=184"}],"version-history":[{"count":103,"href":"https:\/\/ccjlvd.fr\/index.php\/wp-json\/wp\/v2\/pages\/184\/revisions"}],"predecessor-version":[{"id":6599,"href":"https:\/\/ccjlvd.fr\/index.php\/wp-json\/wp\/v2\/pages\/184\/revisions\/6599"}],"up":[{"embeddable":true,"href":"https:\/\/ccjlvd.fr\/index.php\/wp-json\/wp\/v2\/pages\/182"}],"wp:attachment":[{"href":"https:\/\/ccjlvd.fr\/index.php\/wp-json\/wp\/v2\/media?parent=184"}],"curies":[{"name":"wp","href":"https:\/\/api.w.org\/{rel}","templated":true}]}}