{"id":503,"date":"2018-12-06T15:40:42","date_gmt":"2018-12-06T14:40:42","guid":{"rendered":"http:\/\/ccjlvd.jabron.org\/?page_id=503"},"modified":"2024-07-11T14:38:23","modified_gmt":"2024-07-11T12:38:23","slug":"saint-vincent-sur-jabron","status":"publish","type":"page","link":"https:\/\/ccjlvd.fr\/index.php\/territoire\/communes-2\/saint-vincent-sur-jabron\/","title":{"rendered":"Saint Vincent Sur Jabron"},"content":{"rendered":"\r\n<p class=\"wp-block-paragraph\" style=\"text-align: center;\"><strong>Petite commune de 212 habitants situ\u00e9e au c\u0153ur de la vall\u00e9e du Jabron, et \u00e0 \u00e9gale distance de Sisteron et de Sederon, dans le d\u00e9partement des Alpes de Haute-Provence (anciennement appel\u00e9 \u00ab Basses Alpes \u00bb) dans le canton de Noyers et l\u2019arrondissement de Forcalquier. Son altitude est de 633 m\u00e8tres. Le climat est continental et tr\u00e8s ensoleill\u00e9 ; il peut \u00eatre tr\u00e8s froid en hiver car le village est proche de l\u2019ubac de Lure.<\/strong><\/p>\r\n<p style=\"text-align: center;\">***<\/p>\r\n\r\n\r\n\r\n<h3 class=\"wp-block-heading\">Un peu d&rsquo;histoire :<\/h3>\r\n\r\n\r\n\r\n<p class=\"wp-block-paragraph\">Le nom du village appara\u00eet pour la premi\u00e8re fois dans les chartes du d\u00e9but du 11 \u00e8me si\u00e8cle. Il appartenait \u00e0 l\u2019abbaye de Cruis. Des vestiges d\u2019un \u00e9tablissement gallo-romain ont \u00e9t\u00e9 d\u00e9couverts au lieu dit Villelongue. Puis le village s\u2019est install\u00e9 sur la butte au XIV \u00e8me si\u00e8cle par mesure de protection. L\u2019\u00e9glise, seul b\u00e2timent encore debout, est situ\u00e9e sur la partie la plus haute de la motte d\u2019o\u00f9 l\u2019on a une vue tr\u00e8s \u00e9tendue sur l\u2019Est comme sur l\u2019Ouest et sur l\u2019ubac de Lure. Des murailles furent alors construites, comme l\u2019indiquent les deux noms de Castrum et de Villamurata. Le toponyme* \u00ab\u00a0Barri\u00a0\u00bb existe toujours dans les ruines.<\/p>\r\n\r\n\r\n\r\n<p class=\"wp-block-paragraph\">Dans les ann\u00e9es 1840, le vieux village avait un peu plus de 400 habitants, et la commune avec les hameaux \u00e9pars environ 800 habitants. A la fin du 19 \u00e8me si\u00e8cle, lorsque la route d\u00e9partementale fut construite, les habitants ont commenc\u00e9 \u00e0 descendre et \u00e0 construire dans la partie appel\u00e9e la Ribi\u00e8re. A cette \u00e9poque, il y eut une forte diminution de la population due en partie \u00e0 la cr\u00e9ation de la route et \u00e0 l\u2019attrait \u00e9conomique des villes proches. Elle se prolongea au 20 \u00e8me si\u00e8cle, \u00e0 cause des morts des deux guerres mondiales (170 habitants en 1962, 151 habitants en 1990).<\/p>\r\n\r\n\r\n\r\n<p class=\"wp-block-paragraph\">Au d\u00e9but du 20 \u00e8me si\u00e8cle, on construisit une \u00e9cole et une mairie dans le village actuel. Cependant, les derniers habitants (peu nombreux, certes) quitt\u00e8rent le vieux village \u00e0 la fin de la seconde guerre mondiale.<br \/>Au dernier recensement (janvier 2012) on a relev\u00e9 212 habitants, gr\u00e2ce aux n\u00e9oruraux et aux retrait\u00e9s.<\/p>\r\n\r\n\r\n<hr \/>\r\n\r\n\r\n<h2 class=\"wp-block-heading\">PLU de Saint-Vincent sur Jabron<\/h2>\r\n\r\n\r\n\r\n<div class=\"wp-block-group\">\r\n<div class=\"wp-block-group__inner-container is-layout-flow wp-block-group-is-layout-flow\"><\/div>\r\n<\/div>\r\n<div class=\"wp-block-file\"><strong><a href=\"https:\/\/ccjlvd.fr\/wp-content\/uploads\/2024\/04\/1.-RAPPORT-DE-PRESENTATION-2.pdf\">1.Rapport de pr\u00e9sentation\u00a0<\/a><\/strong><\/div>\r\n<div>\u00a0<\/div>\r\n<div><strong><a href=\"https:\/\/ccjlvd.fr\/wp-content\/uploads\/2024\/04\/2.-PADD-2.pdf\">2.Projet d&rsquo;Am\u00e9nagement et de D\u00e9veloppement Durable<\/a><\/strong><\/div>\r\n<p><strong>\r\n\r\n<\/strong><\/p>\r\n<div class=\"wp-block-file\"><strong><a href=\"https:\/\/ccjlvd.fr\/wp-content\/uploads\/2024\/04\/3.-OAP-2_compressed.pdf\">3.Orientations d&rsquo;Am\u00e9nagement et de D\u00e9veloppement Durable<\/a><\/strong><\/div>\r\n<p><strong>\r\n\r\n<\/strong><\/p>\r\n<div class=\"wp-block-file\"><strong><a href=\"https:\/\/ccjlvd.fr\/wp-content\/uploads\/2024\/04\/4.-REGLEMENT-ECRIT-2.pdf\">4.R\u00e8glement \u00e9crit<\/a><\/strong><\/div>\r\n<div>\u00a0<\/div>\r\n<div><strong>5.Plans de zonage<\/strong><\/div>\r\n<div><a href=\"https:\/\/ccjlvd.fr\/wp-content\/uploads\/2024\/04\/5.1.-ZONAGE-NO.pdf\">5.1-Zonage Nord-Ouest<\/a><\/div>\r\n<div><a href=\"https:\/\/ccjlvd.fr\/wp-content\/uploads\/2024\/04\/5.2.-ZONAGE-NE.pdf\"><em>5.2-Zonage Nord-Est<\/em><\/a><\/div>\r\n<div><a href=\"https:\/\/ccjlvd.fr\/wp-content\/uploads\/2024\/04\/5.3.-ZONAGE-SUD.pdf\"><em>5.3-Sud<\/em><\/a><\/div>\r\n<div><a href=\"https:\/\/ccjlvd.fr\/wp-content\/uploads\/2024\/04\/5.4.-ZONAGE-VILLAGE.pdf\"><em>5.4-Village<\/em><\/a><\/div>\r\n<div><a href=\"https:\/\/ccjlvd.fr\/wp-content\/uploads\/2024\/04\/5.5.-ZONAGE-AUBARD.pdf\"><em>5.5-Aubard<\/em><\/a><\/div>\r\n<div><a href=\"https:\/\/ccjlvd.fr\/wp-content\/uploads\/2024\/04\/5.6.-ZONAGE-FREMEZON.pdf\"><em>5.6-Fr\u00e9m\u00e9zon<\/em><\/a><\/div>\r\n<div><a href=\"https:\/\/ccjlvd.fr\/wp-content\/uploads\/2024\/04\/5.7.-ZONAGE-GOURD-MAUREL.pdf\"><em>5.7-Piedguichard et Gourd Maurel<\/em><\/a><\/div>\r\n<div>\u00a0<\/div>\r\n\r\n\r\n\r\n<div class=\"wp-block-file\"><strong>6. Annexes<\/strong><\/div>\r\n<div><a href=\"https:\/\/ccjlvd.fr\/wp-content\/uploads\/2024\/04\/6.1a.-LISTE-ER-2.pdf\"><em>6.1a-Liste des Emplacements R\u00e9serv\u00e9s<\/em><\/a><\/div>\r\n<div><a href=\"https:\/\/ccjlvd.fr\/wp-content\/uploads\/2024\/04\/6.1b.-ER-AU-BENEFICE-DU-DEPARTEMENT-2.pdf\"><em>6.1b-Extraits cadastraux pour identification des parcelles concern\u00e9s par les emplacements r\u00e9serv\u00e9s au b\u00e9n\u00e9fice du conseil d\u00e9partemental des Alpes de Hautes-Provence<\/em><\/a><\/div>\r\n<div>\u00a0<\/div>\r\n<div><a href=\"https:\/\/ccjlvd.fr\/wp-content\/uploads\/2024\/04\/6.2.-PDG-SUP-2.pdf\"><strong>6.2-Servitudes d&rsquo;utilit\u00e9 publique<\/strong><\/a><\/div>\r\n<div><a href=\"https:\/\/ccjlvd.fr\/wp-content\/uploads\/2024\/04\/6.2.1.-SUP-A7-2.pdf\"><em>6.2.1-Servitude A7 relative aux for\u00eats publiques<\/em><\/a><\/div>\r\n<div>\u00a0<\/div>\r\n<div><a href=\"https:\/\/ccjlvd.fr\/wp-content\/uploads\/2024\/04\/6.3.-PDG-INFOS-ET-RECOMMANDATIONS-2.pdf\"><strong>6.3-Informations et recommandations particuli\u00e8res<\/strong><\/a><\/div>\r\n<div><a href=\"https:\/\/ccjlvd.fr\/wp-content\/uploads\/2024\/04\/6.3.1.-PREVENTION-INCENDIES-DE-FORETS-ET-ESPACES-NATURELS-2.pdf\"><em>6.3.1-Arr\u00eat\u00e9s pr\u00e9fectoraux :<\/em><\/a><\/div>\r\n<div><em>&#8211; Arr\u00eat\u00e9 pr\u00e9fectoral relatif \u00e0 la pr\u00e9vention des incendies de for\u00eats et des espaces naturels\u00a0<\/em><\/div>\r\n<div><em>&#8211; Arr\u00eat\u00e9 pr\u00e9fectoral portant r\u00e9glementation de l&#8217;emploi du feu<\/em><\/div>\r\n<div><a href=\"https:\/\/ccjlvd.fr\/wp-content\/uploads\/2024\/04\/6.3.2.-PERMIETRES-AOC-AOP-2.pdf\"><em>6.3.2-P\u00e9rim\u00e8tre d\u2019Appellation d&rsquo;Origine Contr\u00f4l\u00e9e et d&rsquo;Appellation d&rsquo;Origine Prot\u00e9g\u00e9e :\u00a0<\/em><\/a><\/div>\r\n<div><em>&#8211; \u00ab\u00a0Le Banon\u00a0\u00bb<\/em><\/div>\r\n<div><em>&#8211; \u00ab\u00a0Huile essentielle de lavande de Haute-Provence\u00a0\u00bb<\/em><\/div>\r\n<div><a href=\"https:\/\/ccjlvd.fr\/wp-content\/uploads\/2024\/04\/6.3.3.-PERIMETRES-IGP-2.pdf\"><em>6.3.3-P\u00e9rim\u00e8tres d&rsquo;Indications G\u00e9ographiques Prot\u00e9g\u00e9es (IGP)<\/em><\/a><\/div>\r\n<div><em>&#8211; Miel de Provence<\/em><\/div>\r\n<div><em>&#8211; Agneau de Sisteron<\/em><\/div>\r\n<div><em>&#8211; Petit \u00c9peautre de Haute-Provence<\/em><\/div>\r\n<div><em>&#8211; Farine de Petit \u00c9peautre de Haute-Provence<\/em><\/div>\r\n<div><em>&#8211; Pommes des Alpes de Haute-Durance<\/em><\/div>\r\n<div><em>&#8211; G\u00e9n\u00e9pi des Alpes<\/em><\/div>\r\n<div><a href=\"https:\/\/ccjlvd.fr\/wp-content\/uploads\/2024\/04\/6.3.4.-CARTE-ARCHEOLOGIQUE-AVEC-LISTE-2.pdf\"><em>6.3.4- Carte arch\u00e9ologique avec liste<\/em><\/a><\/div>\r\n<div><a href=\"https:\/\/ccjlvd.fr\/wp-content\/uploads\/2024\/04\/6.3.5.-PERIMETRES-ZNIEFF-2.pdf\"><em>6.3.5- P\u00e9rim\u00e8tre ZNIEFF :<\/em><\/a><\/div>\r\n<div><em>&#8211; ZNIEFF 04-100-154\/ 930012741<\/em><\/div>\r\n<div><em>&#8211; ZNIEFF 04-100-155\/ 930012706<\/em><\/div>\r\n<div><em>&#8211; ZNIEFF 04-145-100\/ 930020053<\/em><\/div>\r\n<div><em>&#8211; ZNIEFF 04-146-100\/ 930020052<\/em><\/div>\r\n<div><em>&#8211; ZNIEFF 04-146-152\/ 930012742<\/em><\/div>\r\n<div><em>&#8211; ZNIEFF 04-146-153\/ 930020375<\/em><\/div>\r\n<div><a href=\"https:\/\/ccjlvd.fr\/wp-content\/uploads\/2024\/04\/6.3.6.-NATURA-2000-2.pdf\"><em>6.3.6- Natura 2000 : ZSC FR 9301537<\/em><\/a><\/div>\r\n<div><a href=\"https:\/\/ccjlvd.fr\/wp-content\/uploads\/2024\/04\/6.3.7.-REPERAGE-ET-IDENTIFICATION-POINTS-GEODESIQUES-2.pdf\"><em>6.3.7- Rep\u00e9rage et identification des points g\u00e9od\u00e9siques<\/em><\/a><\/div>\r\n<div>\u00a0<\/div>\r\n<div><strong>6.4- Annexes sanitaires<\/strong><\/div>\r\n<div><a href=\"https:\/\/ccjlvd.fr\/wp-content\/uploads\/2024\/04\/6.4.1.-NOTE-SUR-RESEAUX-ET-DECHETS-2.pdf\"><em>6.4.1-Note technique sur les r\u00e9seaux et sur le syst\u00e8me d&rsquo;\u00e9limination des d\u00e9chets<\/em><\/a><\/div>\r\n<div><a href=\"https:\/\/ccjlvd.fr\/wp-content\/uploads\/2024\/04\/6.4.2.-PLANS-DES-RESEAUX-2.pdf\"><em>6.4.2- Plans des r\u00e9seaux<\/em><\/a><\/div>\r\n<div>\u00a0<\/div>\r\n\r\n\r\n\r\n<div class=\"wp-block-file\">\u00a0<\/div>\r\n","protected":false},"excerpt":{"rendered":"<p>Petite commune de 212 habitants situ\u00e9e au c\u0153ur de la vall\u00e9e du Jabron, et \u00e0 \u00e9gale distance de Sisteron et de Sederon, dans le d\u00e9partement des Alpes de Haute-Provence (anciennement appel\u00e9 \u00ab Basses Alpes \u00bb) dans le canton de Noyers et l\u2019arrondissement de Forcalquier. Son altitude est de 633 m\u00e8tres. Le climat est continental et <a class=\"more-link\" href=\"https:\/\/ccjlvd.fr\/index.php\/territoire\/communes-2\/saint-vincent-sur-jabron\/\">Lire plus &#8230;<\/a><\/p>\n","protected":false},"author":1,"featured_media":0,"parent":1554,"menu_order":0,"comment_status":"closed","ping_status":"closed","template":"","meta":{"_crdt_document":"","jetpack_post_was_ever_published":false,"footnotes":""},"class_list":["post-503","page","type-page","status-publish","hentry"],"jetpack_sharing_enabled":true,"jetpack_shortlink":"https:\/\/wp.me\/Paa2VA-87","_links":{"self":[{"href":"https:\/\/ccjlvd.fr\/index.php\/wp-json\/wp\/v2\/pages\/503","targetHints":{"allow":["GET"]}}],"collection":[{"href":"https:\/\/ccjlvd.fr\/index.php\/wp-json\/wp\/v2\/pages"}],"about":[{"href":"https:\/\/ccjlvd.fr\/index.php\/wp-json\/wp\/v2\/types\/page"}],"author":[{"embeddable":true,"href":"https:\/\/ccjlvd.fr\/index.php\/wp-json\/wp\/v2\/users\/1"}],"replies":[{"embeddable":true,"href":"https:\/\/ccjlvd.fr\/index.php\/wp-json\/wp\/v2\/comments?post=503"}],"version-history":[{"count":53,"href":"https:\/\/ccjlvd.fr\/index.php\/wp-json\/wp\/v2\/pages\/503\/revisions"}],"predecessor-version":[{"id":5944,"href":"https:\/\/ccjlvd.fr\/index.php\/wp-json\/wp\/v2\/pages\/503\/revisions\/5944"}],"up":[{"embeddable":true,"href":"https:\/\/ccjlvd.fr\/index.php\/wp-json\/wp\/v2\/pages\/1554"}],"wp:attachment":[{"href":"https:\/\/ccjlvd.fr\/index.php\/wp-json\/wp\/v2\/media?parent=503"}],"curies":[{"name":"wp","href":"https:\/\/api.w.org\/{rel}","templated":true}]}}